). Let h be g(w). Calculate r(h).
10
Let k = 27 - 27. Let x(o) = 5*o - 10 - 4*o + 3. Calculate x(k).
-7
Let m(b) = -b**3 + 6*b**2 + 7*b - 1. Let w = -58 + 65. Calculate m(w).
-1
Let g(t) = 2*t**3 - 1 + 2*t**3 + 52*t**2 - 50*t**2. What is g(-1)?
-3
Let v(c) = c - 3. Let x(y) = -y + 2. Let d(a) = -4*v(a) - 5*x(a). Calculate d(-8).
-6
Let d(s) = -28*s**2 - 4*s + 8. Let n(p) = -13*p**2 - 2*p + 4. Let j(x) = 6*d(x) - 13*n(x). What is j(-3)?
-1
Let l(t) be the second derivative of 0 + 0*t**2 - 6*t + 1/3*t**3 - 1/6*t**4 + 1/20*t**5. Suppose 4*a + 11 = 2*a - 5*f, 0 = 4*a - 5*f - 23. Give l(a).
4
Let h(q) = 2*q + 3. Suppose -14 - 5 = -z. Let j = -25 + z. Calculate h(j).
-9
Suppose -2*h = n - 3, 2*n + 3*h = 4*h + 11. Let y(l) = -l**3 + 4*l**2 + 6*l - 5. Determine y(n).
0
Let o(n) = n**2. Suppose 2*t - 5 = 5*y + 7*t, -2*t = 3*y + 3. Calculate o(y).
1
Let s(v) be the third derivative of -v**6/120 - v**5/15 + 5*v**4/24 + v**3/2 - 50*v**2. Calculate s(-5).
3
Let l(k) be the third derivative of -k**6/120 - k**5/60 - k**4/24 - k**2. Let y = 39 - 39. Calculate l(y).
0
Let q be 1/3 - 26/6. Let f be 12/q - 4/(-4). Let r(h) = -2*h. Calculate r(f).
4
Suppose 44 = 6*h - 10*h. Let y(b) = -b**3 - 12*b**2 - 13*b - 10. Give y(h).
12
Let g(u) = 3*u**3 + 12*u**2 - 23*u + 26. Let i(r) = -2*r**3 - 8*r**2 + 15*r - 17. Let c(t) = 5*g(t) + 8*i(t). Let v be c(-5). Let x(f) = -f - 7. Give x(v).
-1
Let z(f) be the first derivative of -f**4/4 - 2*f**3/3 + 3*f**2/2 + 2*f + 7. Determine z(-3).
2
Suppose 4*r - 3 = -7. Let h = r - -1. Let n(d) = -d - 6. Calculate n(h).
-6
Let v(z) = -3*z**3 - 5*z**2 + 10*z - 12. Let f(j) = -2*j**3 - 3*j**2 + 7*j - 8. Let r(u) = 7*f(u) - 5*v(u). Give r(-4).
8
Let v = -11 + 7. Let t(k) = k**2 - 6*k + 5. Let a be t(6). Let w(y) = -3*y**2 + y**2 - 4*y**3 + a*y**3 + 6*y**2. What is w(v)?
0
Let a(i) = -3*i**3 - 9*i**2 - 7*i + 6. Let s(c) = -c**3 - c**2 - c + 1. Let y(u) = a(u) - 4*s(u). Determine y(5).
-13
Suppose t + 5*x = -28, -2*x - 16 = t - 3. Let f be (t + -3 + 4)/(-1). Let s(i) = i**2. Determine s(f).
4
Let y(c) = -c**3 + 4*c**2 - 4*c + 7. Let z be y(3). Let a(w) = 0 - 6 + 4*w - 1 + 1. Give a(z).
10
Let p = -1 + 3. Let j(c) = c**2 - c**2 - 1 - 19*c - 2*c**2 + 22*c. Give j(p).
-3
Let l(d) be the second derivative of -7*d - 3/2*d**2 + 0 - 2/3*d**3. Give l(4).
-19
Let f(v) = 1 - 2*v - v + 4*v + 1. Calculate f(-7).
-5
Let z = 22/3 - 7. Let h(a) be the third derivative of -1/12*a**4 + 0 - a**2 - z*a**3 + 0*a. Calculate h(2).
-6
Let b = -32 - -30. Let h(p) = -2*p**3 - 4*p**2 - p + 2. Determine h(b).
4
Let j(a) be the first derivative of -5*a**2/2 - 2*a - 5. What is j(-3)?
13
Let l = 19 - 18. Let s(u) = -6*u**2 - u + 1. What is s(l)?
-6
Let s(t) = 3*t**2 - 2*t - 3. Suppose -2*h + 5*j = 3*h - 5, 2*j = 3*h. Calculate s(h).
13
Let f(a) = 2*a - 2. Let m = 1 + 7. Suppose 2*y - 6 = -2*q, -q - 2*y = -0 - m. Let t = q + 6. Determine f(t).
6
Let g be 248/(-48) + (-1)/(-6). Let v(f) = -f**3 - 4*f**2 + 6*f + 4. Let m be v(g). Let l(j) = 4*j + 1. What is l(m)?
-3
Let i(d) = 26*d + 3*d**2 + d**3 - 4*d**2 - 27*d + 2. Let u = 2 - 0. Determine i(u).
4
Let r(f) = 4*f**3 + 3*f**2 - 12*f + 1. Let a(t) = t**3 + t**2 - 3*t. Let l = 19 - 10. Let k(p) = l*a(p) - 2*r(p). Determine k(-3).
7
Let d(k) = 4*k**2 - 8*k - 6. Let g(u) = u**2 - u - 1. Let q(x) = -d(x) + 3*g(x). Determine q(5).
3
Let d = -26 + 43. Suppose -d = 4*a - 1. Let o(n) = 2 + 6*n**2 - 4*n**2 - n**2 + 6*n. Give o(a).
-6
Let p(m) = 0*m**2 - 3*m**2 + 3*m + m**2 + 1. Suppose 2*z + 36 = 14*z. Give p(z).
-8
Let c(x) = -2*x**3 - x**2 - x + 4. Let z be c(0). Suppose 0 = -i - z. Let o(k) = -k**3 - 3*k**2 + 6*k + 6. Determine o(i).
-2
Let r = -4 + 6. Suppose -6*v = -8*v - r. Let c(t) = 5*t**3. Calculate c(v).
-5
Let u(v) be the first derivative of v**3/3 + 2*v**2 + 2*v + 9. Determine u(-3).
-1
Let k(q) be the first derivative of q**4/4 - q**3 - 3*q**2 + 6*q - 19. Give k(4).
-2
Let r(i) be the second derivative of 0 - 1/6*i**3 + 5*i + 2*i**2. Determine r(-4).
8
Let c(w) = -2*w**2 + 3. Let f(u) = -3*u**2 + u + 5. Suppose 5*q - 4*i = -i - 26, 5*q + 28 = 4*i. Let m = q + 0. Let l(v) = m*f(v) + 7*c(v). Calculate l(-3).
-5
Let n(r) be the second derivative of -r**5/120 - 7*r**4/24 + r**3 + 3*r. Let z(f) be the second derivative of n(f). Determine z(-5).
-2
Let h(r) = -3*r + 4*r + 3 + 0*r. Let j be 1/(-1) + 4/1. Calculate h(j).
6
Let s(j) = j**3 + 6. Suppose -9 = -4*a + 3*z - 0, -z + 5 = 0. Let b = a + -6. Determine s(b).
6
Let q(t) = -3*t - 2. Let m(u) = u**3 + 6*u**2 + 7*u + 13. Let c be m(-5). What is q(c)?
-11
Let n be 24/3*(-117)/156. Let i(b) = b**2 - b - 1. Let u(o) = -5*o**2 + 10. Let w(v) = 4*i(v) + u(v). Determine w(n).
-6
Let p(s) = -2 + 10 - 1 - 2*s + 3*s. Let l(f) = f**2 - 8*f - 14. Let j be l(10). Let m be (-16)/(-3) - 2/j. Calculate p(m).
12
Suppose r + 4 = 1. Let z(q) = q**3 + 5*q**2 + 2*q + 4. Let j be z(-4). Let w(l) = 4*l + 16. Let f(k) = 1. Let p(s) = j*f(s) - w(s). Give p(r).
8
Let a be (-4)/30 - 320/(-150). Suppose 9 - 7 = -a*g. Let w(v) = -v**2 - 1. Determine w(g).
-2
Let p(n) be the second derivative of -1/2*n**2 + 0 + 1/4*n**4 + 0*n**3 + 3*n. Let a be ((-1)/2)/((-2)/4). Give p(a).
2
Let s(b) = -5*b**2 - 9*b + 9. Let n be (2*-3)/(4/6). Let p(c) = -c**2 - 2*c + 2. Let m(j) = n*p(j) + 2*s(j). Let v be -3*((-4)/14)/(6/(-14)). Calculate m(v).
-4
Let l(u) = -2*u - 8. Suppose 0 = 2*y - 2, 3*q - 19 = y + y. Let x = q - 14. Determine l(x).
6
Let k(s) = 6*s**2 + 2 - 5*s**2 - 6*s + 0*s**2. Let h be (-9 + 1)/(-4 - -2). What is k(h)?
-6
Let d be (-4)/(-5)*(4 - -1). Let k(q) = q**2 - 3*q + 6. Give k(d).
10
Let g(p) be the first derivative of -p**5/20 + p**4/4 - p**2 - p - 1. Let n(t) be the first derivative of g(t). Let f = 27 - 24. Give n(f).
-2
Let m(h) = -4 - h + 2*h**3 + 2 - 54*h**2 + 3 + 56*h**2. Let t(f) = -f**3 + 4*f**2 + 4*f + 3. Let o be t(5). Calculate m(o).
-5
Let s(h) be the third derivative of 11*h**5/60 + h**4/24 - 14*h**2. Give s(-1).
10
Let t(g) = 2*g**2 - g - 4. Let u be (4/(-6))/((-14)/63). Determine t(u).
11
Let y(k) = -4*k**2 + 2*k - 1. Suppose 0 = 5*q + 25, q - 2*q - 7 = -2*a. What is y(a)?
-3
Let t = -131 - -127. Let h(v) = -v - 5. What is h(t)?
-1
Let q(t) = 8*t - 3 - 3*t + 10*t**2 - 9*t**2. Calculate q(-5).
-3
Suppose -3*i + 5*i - 4 = 0. Let b(s) = s**2 + 2*s**2 + 0*s**i - 1 - s**2. Determine b(1).
1
Let a(w) = 3*w + 1 - 2*w**2 + 3*w**2 + 1. Let u be 1/(-2)*(34 - 6)/7. Determine a(u).
0
Let c(g) = -g**2 + 1. Let n(u) = -6*u**2 - 6*u + 16. Let i(t) = -5*c(t) + n(t). Give i(-9).
-16
Let z(w) = -4*w**2 - w - w**3 - 2*w**3 + 2*w**3. What is z(-2)?
-6
Suppose 1 = -2*c + c - r, 3*r - 6 = 0. Let p be 10/15 + (-4)/c. Let l(j) = -3*j + p*j - j**2 + 4 - 2*j. Calculate l(-5).
-6
Let z(o) = -o**3. Let r be (-4)/14*1 + 46/161. Give z(r).
0
Let g(l) = -l**2 + l. Let a = 24 - 24. What is g(a)?
0
Let m(b) = -b**2 + b + 1. Let w(h) = 3*h**2 + 3*h - 6. Let c(l) = 2*m(l) + w(l). Calculate c(-5).
-4
Let w(t) = t**2 - 5*t + 3. Suppose 14 = 3*u + 2*s, -s - 1 = -2. Let j be u - (1 - (2 - -1)). What is w(j)?
9
Let v(t) = t**3 - 2*t. Let b be v(-2). Let z(r) = r**2 - 3*r + 5. Let k(h) = 2*h**2 - 3*h + 6. Let w(u) = -2*k(u) + 3*z(u). What is w(b)?
-1
Let k be (-2)/(-2)*((-30)/(-3))/5. Let j(c) = -2*c. Calculate j(k).
-4
Suppose -4*r + 4 = -2*j - 4, 0 = 5*r + 2*j - 10. Let o(x) = 2*x - x**3 - r + 3*x**2 + 0*x**3 + 4*x - 4. Determine o(4).
2
Let p(l) be the second derivative of l**4/12 - 2*l**3/3 - 2*l**2 + 9*l. Determine p(5).
1
Let g = 10 + -6. Suppose 0 = 4*q + 4, -g*u + u + 5*q = -20. Let l(d) = -u*d - 3 - 3 - 2 + 4*d. What is l(-6)?
-2
Let a be 64/(-14) - (36/14)/6. Let r(z) = -z**2 - 5*z - 5. Determine r(a).
-5
Let u(j) be the second derivative of 7*j**4/12 + 3*j. Give u(1).
7
Let s = -9 + 16. Suppose -l = -4*o - 23, -4*o - s*l - 5 = -2*l. Let d(f) be the first derivative of -f**3/3 - 5*f**2/2 + 3*f - 7. What is d(o)?
3
Let a(h) = h**2 - 5*h. Let v be a(4). Let x(o) = o**2 - 3 + 8*o + 2 - 2*o. Determine x(v).
-9
Let i(d) be the second derivative of d**4/12 + 5*d**3/6 + d**2 - 9*d. What is i(-5)?
2
Let v = 41 - 35. Let i(n) be the third derivative of n**5/60 - n**4/6 - 4*n**3/3 - n**2. Calculate i(v).
4
Suppose -5*r - 4*x - 7 = 0, -4*r - 5*x - 4 = -x. Let w(i) = -i**2 + 3*i - 1. Let g(l) = 3*l - 1. Let t(u) = 3*g(u)